{"id":40,"date":"2013-01-09T21:07:46","date_gmt":"2013-01-09T20:07:46","guid":{"rendered":"http:\/\/kszgk.com\/iccfcongress2013\/?page_id=40"},"modified":"2013-07-07T09:28:11","modified_gmt":"2013-07-07T07:28:11","slug":"partners-programme","status":"publish","type":"page","link":"http:\/\/kszgk.com\/iccfcongress2013\/social\/partners-programme\/","title":{"rendered":"Accompanying persons programme"},"content":{"rendered":"<p>Possible accompanying persons programme (short excursions in the vicinity).<\/p>\n<p>There is a possibility of organizing extreme sports and optional excursions on request (not included). See page &#8222;<a href=\"http:\/\/kszgk.com\/iccfcongress2013\/?page_id=375\">Attractions<\/a>&#8222;.<\/p>\n<p>===<\/p>\n<h4>Accompanying persons programme<\/h4>\n<table border=\"3\">\n<tbody>\n<tr>\n<th>Date<\/th>\n<th>Time<\/th>\n<th>Specification<\/th>\n<\/tr>\n<tr>\n<td>22.07. (Mon)<\/td>\n<td>11:00-15:00<\/td>\n<td>Underground Cracow and the Main Market Square<\/td>\n<\/tr>\n<tr>\n<td>23.07. (Tue)<\/td>\n<td>10:00-14:00<\/td>\n<td>Free time or excursion to Tyniec (Benedictine abbey)<\/td>\n<\/tr>\n<tr>\n<td>24.07. (Wed)<\/td>\n<td>10:00-14:00<\/td>\n<td>Kazimierz (Jewish District),\u00a0Schindler\u2019s Factory (Museum)<\/td>\n<\/tr>\n<\/tbody>\n<\/table>\n<p>Attention! Time is subject to change.<\/p>\n<p>===<\/p>\n<h4>Rynek G\u0142\u00f3wny (Main Market Square)<\/h4>\n<p><a href=\"http:\/\/en.wikipedia.org\/wiki\/Main_Square,_Krak%C3%B3w\">The Main Square<\/a> (Polish: Rynek G\u0142\u00f3wny w Krakowie) is the main market square of the Old Town in Krak\u00f3w, Poland and a principal urban space located at the center of the city. It dates back to the 13th century, and \u2013 at roughly 40,000 m\u00b2 \u2013 it is the largest medieval town square in Europe.<\/p>\n<p>Rynek G\u0142\u00f3wny is a spacious square surrounded by historical townhouses (kamienice), palaces and churches. The center of the square is dominated by the Sukiennice (the Cloth Hall or Drapers\u2019 Hall), rebuilt in 1555 in the Renaissance style, topped by a beautiful attic or Polish parapet decorated with carved masks. On one side of the Sukiennice is the Town Hall Tower (Wie\u017ca ratuszowa), on the other the 10th century Church of St. Wojciech (St. Adalbert\u2019s) and 1898 Adam Mickiewicz Monument. Rising above the square are the Gothic towers of St. Mary\u2019s Basilica (Ko\u015bci\u00f3\u0142 Mariacki).<\/p>\n<h4>Kazimierz (Jewish District)<\/h4>\n<p><a href=\"http:\/\/en.wikipedia.org\/wiki\/Kazimierz\">Kazimierz<\/a> \u2013 a historical district of Krak\u00f3w or Jewish District \u2013 was for a long time an independent town with its own municipal charter and laws. Best known for being home to a significant Jewish community from the 14th century on until the Holocaust in the Second World War.<\/p>\n<h4>Tyniec<\/h4>\n<p><a href=\"http:\/\/en.wikipedia.org\/wiki\/Tyniec\" target=\"_blank\">Tyniec<\/a> is a historic village in Poland on the Vistula river, since 1973 a part of the city of Krak\u00f3w (currently in the district of D\u0119bniki). Tyniec is notable for its famous Benedictine abbey founded by King Casimir the Restorer in 1044. The name of the village comes from a Celtic language word \u201ctyn\u201d, which means wall or fence, and which means that the history of Tyniec as a fortified settlement dates back to pre-Slavic times.<\/p>\n<p>You can take virtual tour before your trip\u00a0\ud83d\ude42 Please click on provided <a href=\"http:\/\/www.tyniec.benedyktyni.pl\/panoramy\/index.html\" target=\"_blank\">link<\/a>.<\/p>\n<div id=\"attachment_1392\" style=\"width: 310px\" class=\"wp-caption alignnone\"><a href=\"http:\/\/kszgk.com\/iccfcongress2013\/wp-content\/uploads\/2013\/01\/Tyniec_Abbey.jpg\"><img aria-describedby=\"caption-attachment-1392\" decoding=\"async\" class=\"size-medium wp-image-1392 \" alt=\"Tyniec Abbey beyond the Vistula river\" src=\"http:\/\/kszgk.com\/iccfcongress2013\/wp-content\/uploads\/2013\/01\/Tyniec_Abbey-300x148.jpg\" width=\"300\" height=\"148\" srcset=\"http:\/\/kszgk.com\/iccfcongress2013\/wp-content\/uploads\/2013\/01\/Tyniec_Abbey-300x148.jpg 300w, http:\/\/kszgk.com\/iccfcongress2013\/wp-content\/uploads\/2013\/01\/Tyniec_Abbey-1024x506.jpg 1024w, http:\/\/kszgk.com\/iccfcongress2013\/wp-content\/uploads\/2013\/01\/Tyniec_Abbey-150x74.jpg 150w, http:\/\/kszgk.com\/iccfcongress2013\/wp-content\/uploads\/2013\/01\/Tyniec_Abbey-400x197.jpg 400w, http:\/\/kszgk.com\/iccfcongress2013\/wp-content\/uploads\/2013\/01\/Tyniec_Abbey.jpg 1200w\" sizes=\"(max-width: 300px) 100vw, 300px\" \/><\/a><p id=\"caption-attachment-1392\" class=\"wp-caption-text\">Tyniec Abbey beyond the Vistula river<\/p><\/div>\n","protected":false},"excerpt":{"rendered":"<p>Possible accompanying persons programme (short excursions in the vicinity).<\/p>\n<p>There is a possibility of organizing extreme sports and optional excursions on request (not included). See page &#8222;Attractions&#8222;.<\/p>\n<p>===<\/p>\n<p> Accompanying persons programme Date Time Specification 22.07. (Mon) 11:00-15:00 Underground Cracow and the Main Market Square 23.07. (Tue) 10:00-14:00 Free time or excursion to Tyniec (Benedictine abbey) [&#8230;]<\/p>\n","protected":false},"author":1,"featured_media":0,"parent":39,"menu_order":1,"comment_status":"closed","ping_status":"open","template":"","meta":[],"_links":{"self":[{"href":"http:\/\/kszgk.com\/iccfcongress2013\/wp-json\/wp\/v2\/pages\/40"}],"collection":[{"href":"http:\/\/kszgk.com\/iccfcongress2013\/wp-json\/wp\/v2\/pages"}],"about":[{"href":"http:\/\/kszgk.com\/iccfcongress2013\/wp-json\/wp\/v2\/types\/page"}],"author":[{"embeddable":true,"href":"http:\/\/kszgk.com\/iccfcongress2013\/wp-json\/wp\/v2\/users\/1"}],"replies":[{"embeddable":true,"href":"http:\/\/kszgk.com\/iccfcongress2013\/wp-json\/wp\/v2\/comments?post=40"}],"version-history":[{"count":17,"href":"http:\/\/kszgk.com\/iccfcongress2013\/wp-json\/wp\/v2\/pages\/40\/revisions"}],"predecessor-version":[{"id":177,"href":"http:\/\/kszgk.com\/iccfcongress2013\/wp-json\/wp\/v2\/pages\/40\/revisions\/177"}],"up":[{"embeddable":true,"href":"http:\/\/kszgk.com\/iccfcongress2013\/wp-json\/wp\/v2\/pages\/39"}],"wp:attachment":[{"href":"http:\/\/kszgk.com\/iccfcongress2013\/wp-json\/wp\/v2\/media?parent=40"}],"curies":[{"name":"wp","href":"https:\/\/api.w.org\/{rel}","templated":true}]}}

<p>Possible accompanying persons programme (short excursions in the vicinity).</p>
<p>There is a possibility of organizing extreme sports and optional excursions on request (not included). See page &#8222;<a href="http://kszgk.com/iccfcongress2013/?page_id=375">Attractions</a>&#8222;.</p>
<p>===</p>
<h4>Accompanying persons programme</h4>
<table border="3">
<tbody>
<tr>
<th>Date</th>
<th>Time</th>
<th>Specification</th>
</tr>
<tr>
<td>22.07. (Mon)</td>
<td>11:00-15:00</td>
<td>Underground Cracow and the Main Market Square</td>
</tr>
<tr>
<td>23.07. (Tue)</td>
<td>10:00-14:00</td>
<td>Free time or excursion to Tyniec (Benedictine abbey)</td>
</tr>
<tr>
<td>24.07. (Wed)</td>
<td>10:00-14:00</td>
<td>Kazimierz (Jewish District), Schindler’s Factory (Museum)</td>
</tr>
</tbody>
</table>
<p>Attention! Time is subject to change.</p>
<p>===</p>
<h4>Rynek Główny (Main Market Square)</h4>
<p><a href="http://en.wikipedia.org/wiki/Main_Square,_Krak%C3%B3w">The Main Square</a> (Polish: Rynek Główny w Krakowie) is the main market square of the Old Town in Kraków, Poland and a principal urban space located at the center of the city. It dates back to the 13th century, and – at roughly 40,000 m² – it is the largest medieval town square in Europe.</p>
<p>Rynek Główny is a spacious square surrounded by historical townhouses (kamienice), palaces and churches. The center of the square is dominated by the Sukiennice (the Cloth Hall or Drapers’ Hall), rebuilt in 1555 in the Renaissance style, topped by a beautiful attic or Polish parapet decorated with carved masks. On one side of the Sukiennice is the Town Hall Tower (Wieża ratuszowa), on the other the 10th century Church of St. Wojciech (St. Adalbert’s) and 1898 Adam Mickiewicz Monument. Rising above the square are the Gothic towers of St. Mary’s Basilica (Kościół Mariacki).</p>
<h4>Kazimierz (Jewish District)</h4>
<p><a href="http://en.wikipedia.org/wiki/Kazimierz">Kazimierz</a> – a historical district of Kraków or Jewish District – was for a long time an independent town with its own municipal charter and laws. Best known for being home to a significant Jewish community from the 14th century on until the Holocaust in the Second World War.</p>
<h4>Tyniec</h4>
<p><a href="http://en.wikipedia.org/wiki/Tyniec" target="_blank">Tyniec</a> is a historic village in Poland on the Vistula river, since 1973 a part of the city of Kraków (currently in the district of Dębniki). Tyniec is notable for its famous Benedictine abbey founded by King Casimir the Restorer in 1044. The name of the village comes from a Celtic language word “tyn”, which means wall or fence, and which means that the history of Tyniec as a fortified settlement dates back to pre-Slavic times.</p>
<p>You can take virtual tour before your trip 🙂 Please click on provided <a href="http://www.tyniec.benedyktyni.pl/panoramy/index.html" target="_blank">link</a>.</p>
<div id="attachment_1392" style="width: 310px" class="wp-caption alignnone"><a href="http://kszgk.com/iccfcongress2013/wp-content/uploads/2013/01/Tyniec_Abbey.jpg"><img aria-describedby="caption-attachment-1392" decoding="async" class="size-medium wp-image-1392 " alt="Tyniec Abbey beyond the Vistula river" src="http://kszgk.com/iccfcongress2013/wp-content/uploads/2013/01/Tyniec_Abbey-300x148.jpg" width="300" height="148" srcset="http://kszgk.com/iccfcongress2013/wp-content/uploads/2013/01/Tyniec_Abbey-300x148.jpg 300w, http://kszgk.com/iccfcongress2013/wp-content/uploads/2013/01/Tyniec_Abbey-1024x506.jpg 1024w, http://kszgk.com/iccfcongress2013/wp-content/uploads/2013/01/Tyniec_Abbey-150x74.jpg 150w, http://kszgk.com/iccfcongress2013/wp-content/uploads/2013/01/Tyniec_Abbey-400x197.jpg 400w, http://kszgk.com/iccfcongress2013/wp-content/uploads/2013/01/Tyniec_Abbey.jpg 1200w" sizes="(max-width: 300px) 100vw, 300px" /></a><p id="caption-attachment-1392" class="wp-caption-text">Tyniec Abbey beyond the Vistula river</p></div>
