{"id":169,"date":"2013-01-15T09:34:28","date_gmt":"2013-01-15T08:34:28","guid":{"rendered":"http:\/\/kszgk.com\/iccfcongress2013\/?page_id=169"},"modified":"2013-01-22T08:58:15","modified_gmt":"2013-01-22T07:58:15","slug":"transfer-from-katowice-airport-to-the-hotel","status":"publish","type":"page","link":"http:\/\/kszgk.com\/iccfcongress2013\/congress-information\/travel\/transfer-from-katowice-airport-to-the-hotel\/","title":{"rendered":"Transfer from Katowice Airport"},"content":{"rendered":"<p><strong>Katowice International Airport (IATA code: KTW)<\/strong> is an international airport, located in Pyrzowice, 30 km north of centre of Katowice and 108 km from venue. The airport has third biggest passenger flow in Poland.<\/p>\n<p>Ground transportation from\/to the airport \u2013 buses, private car or taxi.<\/p>\n<p>=========<\/p>\n<h4>By car<\/h4>\n<p>The airport is easily accessible from Krak\u00f3w by A4 motorway or national road 94. Travel (108 km) takes\u00a0about 1h\u00a020 min.<\/p>\n<p>Estimate cost by taxi: 400-500 PLN (100-150 EUR).<\/p>\n<h4>By bus<\/h4>\n<p>Bus and minibus connections to\/from Krak\u00f3w are available. See\u00a0one of possible connections below.<\/p>\n<p>Minibus services provided by carrier: <strong>Pyrzowice Ekspres<\/strong><\/p>\n<p>Arrival point: KRAK\u00d3W, Dworzec Autobusowy, ul. Bosacka 18 (next to Krak\u00f3w G\u0142\u00f3wny railway station)<\/p>\n<p>The journey takes about 2h.<\/p>\n<p>Frequency: 6-10 times a day.<\/p>\n<p>Costs: 44 PLN (around 11 EUR) per person.<\/p>\n<h4>By rail<\/h4>\n<p>There is currently no passenger rail link to airport but building of a railway between Katowice and the airport is being planned.<\/p>\n<p>============<\/p>\n<h4>Attention!<\/h4>\n<p>Congress participants arriving\u00a0in Poland\u00a0might be supported by volunteers at the Katowice Airport.<\/p>\n","protected":false},"excerpt":{"rendered":"<p>Katowice International Airport (IATA code: KTW) is an international airport, located in Pyrzowice, 30 km north of centre of Katowice and 108 km from venue. The airport has third biggest passenger flow in Poland.<\/p>\n<p>Ground transportation from\/to the airport \u2013 buses, private car or taxi.<\/p>\n<p>=========<\/p>\n<p> By car <\/p>\n<p>The airport is easily accessible from Krak\u00f3w [&#8230;]<\/p>\n","protected":false},"author":1,"featured_media":0,"parent":9,"menu_order":5,"comment_status":"closed","ping_status":"open","template":"","meta":[],"_links":{"self":[{"href":"http:\/\/kszgk.com\/iccfcongress2013\/wp-json\/wp\/v2\/pages\/169"}],"collection":[{"href":"http:\/\/kszgk.com\/iccfcongress2013\/wp-json\/wp\/v2\/pages"}],"about":[{"href":"http:\/\/kszgk.com\/iccfcongress2013\/wp-json\/wp\/v2\/types\/page"}],"author":[{"embeddable":true,"href":"http:\/\/kszgk.com\/iccfcongress2013\/wp-json\/wp\/v2\/users\/1"}],"replies":[{"embeddable":true,"href":"http:\/\/kszgk.com\/iccfcongress2013\/wp-json\/wp\/v2\/comments?post=169"}],"version-history":[{"count":13,"href":"http:\/\/kszgk.com\/iccfcongress2013\/wp-json\/wp\/v2\/pages\/169\/revisions"}],"predecessor-version":[{"id":346,"href":"http:\/\/kszgk.com\/iccfcongress2013\/wp-json\/wp\/v2\/pages\/169\/revisions\/346"}],"up":[{"embeddable":true,"href":"http:\/\/kszgk.com\/iccfcongress2013\/wp-json\/wp\/v2\/pages\/9"}],"wp:attachment":[{"href":"http:\/\/kszgk.com\/iccfcongress2013\/wp-json\/wp\/v2\/media?parent=169"}],"curies":[{"name":"wp","href":"https:\/\/api.w.org\/{rel}","templated":true}]}}